mon divisor of y and 20.
20
Let s(w) = -2*w + 2. Let p be s(2). Let m = p + 14. Let x be -10*((-11)/(-10) + (-6)/4). What is the greatest common factor of m and x?
4
Let c = 11 - 10. Let m be (-4*c)/(6/(-12)). Calculate the greatest common divisor of m and 1.
1
Suppose -4*h = 2*k - 82, -4*k + 104 = 4*h + h. What is the greatest common divisor of h and 40?
20
Suppose 0 = 9*u - 356 + 77. Calculate the greatest common factor of u and 217.
31
Let s = 0 - 0. Suppose -5*f + f + 56 = s. Suppose 2*v = 22 + 6. Calculate the greatest common divisor of v and f.
14
Let b = -31 + 51. What is the highest common factor of b and 30?
10
Let q = 7 + -2. Suppose 3*g - 140 = -q*m, -5*m = -0*m + 10. What is the highest common divisor of g and 5?
5
Let q be (-1*3)/((-2)/100). What is the highest common divisor of 60 and q?
30
Let b = -61 - -72. What is the greatest common divisor of 88 and b?
11
Let c = -7 + 14. Calculate the greatest common factor of 7 and c.
7
Let y(p) = p**3 + 7*p**2 - 6*p + 2. Let j be y(-7). Calculate the greatest common divisor of 4 and j.
4
Suppose -6 = 4*w - 6*w. Let c(g) = 10*g. Let y be c(w). Suppose 103 = -5*s + 478. Calculate the greatest common factor of s and y.
15
Let a(z) = 6*z**2 - 1. Let b be a(-1). What is the greatest common factor of 35 and b?
5
Suppose -9*t + 8 = -262. Calculate the greatest common divisor of t and 270.
30
Let q = 26 - 16. Calculate the highest common divisor of q and 2.
2
Suppose 3*u - 89 = -47. What is the highest common factor of 154 and u?
14
Suppose 14 = -3*y + 2*n, -6 = y - 2*y - 2*n. Let j = y + 7. Suppose -83 - 97 = -4*i. Calculate the highest common factor of i and j.
5
Let b(q) = -q**3 - 3*q**2 - 3*q - 1. Let h be b(-5). Suppose 68 = 3*m - h. Suppose 849 + 1791 = 24*r. What is the highest common divisor of r and m?
22
Suppose 2*l - 68 = -2*l. Let f = -22 + 158. Calculate the greatest common factor of f and l.
17
Suppose -4*j - 2*j = -1440. What is the highest common factor of j and 96?
48
Suppose 240 = -y + 6*y. Let r = 22 + -16. Calculate the highest common divisor of r and y.
6
Let v(p) = 0*p + 0*p + p - 6. Let o be v(4). Let d be (-10)/(2/(1*o)). Calculate the greatest common factor of d and 2.
2
Let p(h) = h**2 - 12*h + 14. Let a be p(0). Let c be 35 + 0*2/(-4). What is the highest common divisor of c and a?
7
Suppose 56 = -0*v + v. Let m = -88 - -102. Calculate the greatest common divisor of m and v.
14
Let y(z) = 2*z**3 - 2*z**2 - z - 1. Let u be y(2). Calculate the greatest common factor of 40 and u.
5
Suppose 0 = -o - 2*o + 54. Let a(p) = -6 + o - p + 4 + p**2. Let u be a(0). Calculate the highest common factor of 16 and u.
16
Let m(q) = 3*q**2 - 11*q - 16. Let c be m(14). What is the highest common factor of c and 38?
38
Suppose -4 = 4*d - 5*d. Let l be -1 + (0 - 1) + d. Calculate the highest common factor of l and 10.
2
Let t = 26 - -19. Suppose -3*f + 9 = k, 2*k + 4*f = -0*f + 14. Let j be (6/3)/(k/27). What is the greatest common factor of j and t?
9
Let w = 29 + 17. Calculate the greatest common factor of w and 23.
23
Let x(q) = -q**3 - 3*q**2 - 2*q + 2. Let n be x(-3). Let y = 2 + 30. Calculate the greatest common divisor of y and n.
8
Suppose b + 2*g - 39 = 0, -4*b = -5*b + 2*g + 27. Calculate the highest common factor of b and 363.
33
Suppose -10 = -3*h - 4*i, -2*i - 60 = -4*h + 2*i. Let d(l) = -l**2 + 12*l. Let z be d(h). Calculate the highest common factor of 8 and z.
4
Let l be ((-8)/(-6))/((-2)/(-6)). Suppose 4*q = -154 + 186. What is the highest common divisor of q and l?
4
Let d = 3 + -8. Let y be (2 - (-13)/d)*-15. What is the highest common factor of 63 and y?
9
Suppose -f + 110 = 71. What is the greatest common factor of 13 and f?
13
Let v be 2*(-7)/(-4)*(3 + -1). What is the highest common factor of 56 and v?
7
Let d = 59 - -37. Suppose 0 = 4*w - 34 - 14. Calculate the greatest common factor of w and d.
12
Let z(n) = 10*n - 11. Let w(y) = -4*y + 1 + 5*y + y - 3*y. Let i(u) = 18*w(u) + 2*z(u). Let c be i(3). Calculate the highest common factor of c and 8.
2
Suppose 8*w = 5*w + 27. Suppose -q = -9 - w. What is the greatest common factor of q and 72?
18
Let h(b) = b**3 - b**2 + 2. Suppose -5*u + 0*u = 0. Let j be h(u). Suppose j*n = 8 + 56. What is the greatest common divisor of 8 and n?
8
Suppose 3*o - 2*p + 7 = -22, 0 = -2*o + 4*p - 14. Let r = 30 + o. Calculate the highest common factor of r and 38.
19
Let k = 8 + -12. Let c be (-2)/k - 57/(-6). Calculate the greatest common factor of 5 and c.
5
Let j = 6 + 2. Let k(a) = a**2 - 9*a + 12. Let w be k(j). Let r be 2*(5 - (4 - 2)). Calculate the greatest common divisor of w and r.
2
Let i be 2*-1*819/(-18). Let u = 131 - i. What is the highest common divisor of u and 5?
5
Let o be 10 - -4*(-1 + 0). Suppose 0*i + 2 = -2*i. Let y be 4 + (-2 + 2)/i. Calculate the highest common factor of y and o.
2
Let j = -1 + 45. What is the highest common factor of j and 4?
4
Let f be 14/6 + (-2)/(-3). Suppose 0*l = f*l + 6. Let t be 0 + (-4 - l) + 4. What is the highest common factor of t and 8?
2
Let v(t) be the first derivative of 2*t**2 - 3*t + 2. Let f be v(3). What is the greatest common factor of f and 90?
9
Suppose -2*b + 86 - 358 = 0. Let p = -61 - b. Calculate the greatest common divisor of p and 15.
15
Let i = -6 + 4. Let o be (8/(-5))/(i/10). Suppose 4*u = 104 - 8. What is the highest common factor of u and o?
8
Let p = 172 + -104. What is the greatest common factor of 17 and p?
17
Let j(x) = x**3 - 7*x + 4. Let n be j(3). What is the highest common divisor of 4 and n?
2
Let w = 144 + -127. What is the greatest common divisor of 17 and w?
17
Let t(c) = -7*c - 3. Let f be t(-2). Let r be (-3)/(-9)*3*2. Suppose r - 68 = -6*m. What is the highest common divisor of m and f?
11
Suppose 3*n = 55 - 4. Calculate the highest common factor of n and 68.
17
Suppose -2*b + 2 = -0. Suppose 6 = c + b. Let y = 31 + -21. Calculate the greatest common factor of c and y.
5
Suppose 430 + 116 = 13*k. Calculate the greatest common factor of k and 28.
14
Let m = 8 + 11. Calculate the greatest common factor of 38 and m.
19
Let d be (-55)/(-15) + (-4)/(-12). Let p(y) = -y**2 - 7*y + 5. Let b be p(-5). Let v be 76/10 - (-6)/b. Calculate the greatest common divisor of v and d.
4
Suppose -2*y + 498 = y. Let u = 276 - y. Calculate the highest common divisor of u and 10.
10
Let d = -3 + 22. Let c be d + (-2 - (1 + 0)). Calculate the greatest common factor of 2 and c.
2
Let d(y) = -y + 10. Let t be d(6). Let u be 712/60 + t/30. Calculate the greatest common divisor of 84 and u.
12
Suppose n + 0*n - 5 = 0. Suppose -b - 281 = -5*l - 3*b, -5*l + 284 = 3*b. What is the highest common divisor of l and n?
5
Let l(s) = -2*s + 9. Let a be l(9). Let k(b) = -b**3 - 10*b**2 - 9*b + 1. Let n be k(a). Calculate the highest common factor of n and 8.
1
Suppose 2*i + 68 = 4*j, 3*j + 4*i = 2*i + 37. What is the highest common factor of 15 and j?
15
Let k = -12 + 22. Calculate the greatest common divisor of k and 10.
10
Let h be 17 + -1 - (-9)/(-9). Let s = h + -13. Calculate the greatest common divisor of 8 and s.
2
Let d(r) = 29*r**2 - r - 2. Suppose -g + 4 = g. Let h be d(g). Calculate the greatest common factor of h and 16.
16
Let x be ((-3)/(-6))/1*10. Suppose -4*b - 87 = -r, -b + 0*b = -x*r + 36. Let q be ((-4)/7)/(6/b). What is the highest common factor of 14 and q?
2
Let t(r) = r**3 + 28. Let u be t(0). Suppose 5*c - 3*v = 11, -c + 2*c + 3 = -2*v. Let p be c*(-2)/(-4)*8. Calculate the highest common factor of p and u.
4
Suppose 2*o - 17 = 9. Let u = -3 - -7. Suppose -5*q = -25, 0 = u*n + 2*q + q - 431. Calculate the highest common factor of n and o.
13
Suppose -3*l - 34 = 4*k - 95, k = -5. Let v be ((-36)/l)/((-2)/84). Let u = -5 + 12. Calculate the highest common factor of u and v.
7
Suppose w - 1944 = -8*w. What is the highest common divisor of w and 54?
54
Let r = 6 + -5. Let d(n) = 4*n. Let j be d(1). What is the greatest common divisor of j and r?
1
Suppose 0*u - 45 = -5*u. Let m be 3/2 + 6/(-12). What is the greatest common divisor of m and u?
1
Suppose 8*h - 3*h - f - 45 = 0, -3*f = -15. Calculate the highest common divisor of 60 and h.
10
Suppose 0 = w - 45 - 43. Let s(o) = 2*o**2 - 2*o - 4. Let g be s(4). Let l = g - 9. What is the highest common divisor of l 